{"id":206,"date":"2017-01-01T14:50:10","date_gmt":"2017-01-01T14:50:10","guid":{"rendered":"http:\/\/test.kriesi.at\/minimal-portfolio\/?page_id=9"},"modified":"2022-09-28T17:41:07","modified_gmt":"2022-09-28T17:41:07","slug":"home","status":"publish","type":"page","link":"https:\/\/supremoconselhoportugal.pt\/","title":{"rendered":"Home"},"content":{"rendered":"\n<style type=\"text\/css\" data-created_by=\"avia_inline_auto\" id=\"style-css-av-l8d5mu5y-18b90da605c82c85e6f22c1574e70715\">\n.avia-image-container.av-l8d5mu5y-18b90da605c82c85e6f22c1574e70715 .av-image-caption-overlay-center{\ncolor:#ffffff;\n}\n<\/style>\n<div  class='avia-image-container av-l8d5mu5y-18b90da605c82c85e6f22c1574e70715 av-styling- avia-align-center  avia-builder-el-0  el_before_av_image  avia-builder-el-first '  itemprop=\"image\" itemscope=\"itemscope\" itemtype=\"https:\/\/schema.org\/ImageObject\" ><div class=\"avia-image-container-inner\"><div class=\"avia-image-overlay-wrap\"><img decoding=\"async\" class='wp-image-3209 avia-img-lazy-loading-not-3209 avia_image' src=\"https:\/\/supremoconselhoportugal.pt\/wp-content\/uploads\/2022\/09\/Captura-de-ecra-2022-09-19-as-12.45.28.png\" alt='Fundo branco' title='Fundo Branco'  height=\"49\" width=\"171\"  itemprop=\"thumbnailUrl\"  \/><\/div><\/div><\/div>\n\n<style type=\"text\/css\" data-created_by=\"avia_inline_auto\" id=\"style-css-av-l54me-2ae65121af75887a094113e650fe5c3a\">\n.avia-image-container.av-l54me-2ae65121af75887a094113e650fe5c3a .av-image-caption-overlay-center{\ncolor:#ffffff;\n}\n<\/style>\n<div  class='avia-image-container av-l54me-2ae65121af75887a094113e650fe5c3a av-styling- avia-align-center  avia-builder-el-1  el_after_av_image  el_before_av_image '  itemprop=\"image\" itemscope=\"itemscope\" itemtype=\"https:\/\/schema.org\/ImageObject\" ><div class=\"avia-image-container-inner\"><div class=\"avia-image-overlay-wrap\"><img decoding=\"async\" class='wp-image-3209 avia-img-lazy-loading-not-3209 avia_image' src=\"https:\/\/supremoconselhoportugal.pt\/wp-content\/uploads\/2022\/09\/Captura-de-ecra-2022-09-19-as-12.45.28.png\" alt='Fundo branco' title='Fundo Branco'  height=\"49\" width=\"171\"  itemprop=\"thumbnailUrl\"  \/><\/div><\/div><\/div>\n\n<style type=\"text\/css\" data-created_by=\"avia_inline_auto\" id=\"style-css-av-fnx32-90bf157584517a37a5801d10284efab8\">\n.avia-image-container.av-fnx32-90bf157584517a37a5801d10284efab8 .av-image-caption-overlay-center{\ncolor:#ffffff;\n}\n<\/style>\n<div  class='avia-image-container av-fnx32-90bf157584517a37a5801d10284efab8 av-styling- avia-align-center  avia-builder-el-2  el_after_av_image  el_before_av_image '  itemprop=\"image\" itemscope=\"itemscope\" itemtype=\"https:\/\/schema.org\/ImageObject\" ><div class=\"avia-image-container-inner\"><div class=\"avia-image-overlay-wrap\"><img decoding=\"async\" class='wp-image-3209 avia-img-lazy-loading-not-3209 avia_image' src=\"https:\/\/supremoconselhoportugal.pt\/wp-content\/uploads\/2022\/09\/Captura-de-ecra-2022-09-19-as-12.45.28.png\" alt='Fundo branco' title='Fundo Branco'  height=\"49\" width=\"171\"  itemprop=\"thumbnailUrl\"  \/><\/div><\/div><\/div>\n\n<style type=\"text\/css\" data-created_by=\"avia_inline_auto\" id=\"style-css-av-l8en003e-3ce768bcf786b954f516999d383db419\">\n.avia-image-container.av-l8en003e-3ce768bcf786b954f516999d383db419 .av-image-caption-overlay-center{\ncolor:#ffffff;\n}\n<\/style>\n<div  class='avia-image-container av-l8en003e-3ce768bcf786b954f516999d383db419 av-styling- avia-align-center  avia-builder-el-3  el_after_av_image  el_before_av_one_full '  itemprop=\"image\" itemscope=\"itemscope\" itemtype=\"https:\/\/schema.org\/ImageObject\" ><div class=\"avia-image-container-inner\"><div class=\"avia-image-overlay-wrap\"><img decoding=\"async\" class='wp-image-3482 avia-img-lazy-loading-not-3482 avia_image' src=\"https:\/\/supremoconselhoportugal.pt\/wp-content\/uploads\/2022\/09\/supremo-conselho-de-portugal-limites-1024x407.jpg\" alt='Banner O Supremo Conselho Misto do 33\u00ba Grau de Portugal' title='Banner -Grande Col\u00e9gio do REAA'  height=\"407\" width=\"1024\"  itemprop=\"thumbnailUrl\" srcset=\"https:\/\/supremoconselhoportugal.pt\/wp-content\/uploads\/2022\/09\/supremo-conselho-de-portugal-limites-1024x407.jpg 1024w, https:\/\/supremoconselhoportugal.pt\/wp-content\/uploads\/2022\/09\/supremo-conselho-de-portugal-limites-300x119.jpg 300w, https:\/\/supremoconselhoportugal.pt\/wp-content\/uploads\/2022\/09\/supremo-conselho-de-portugal-limites-768x305.jpg 768w, https:\/\/supremoconselhoportugal.pt\/wp-content\/uploads\/2022\/09\/supremo-conselho-de-portugal-limites-705x280.jpg 705w, https:\/\/supremoconselhoportugal.pt\/wp-content\/uploads\/2022\/09\/supremo-conselho-de-portugal-limites.jpg 1457w\" sizes=\"(max-width: 1024px) 100vw, 1024px\" \/><\/div><\/div><\/div>\n\n<style type=\"text\/css\" data-created_by=\"avia_inline_auto\" id=\"style-css-av-w1enqu-61b412cea626057e8a48ebe5bcbbf119\">\n#top .flex_column.av-w1enqu-61b412cea626057e8a48ebe5bcbbf119{\nmargin-top:0px;\nmargin-bottom:0px;\n}\n.flex_column.av-w1enqu-61b412cea626057e8a48ebe5bcbbf119{\nborder-radius:0px 0px 0px 0px;\n-webkit-border-radius:0px 0px 0px 0px;\n-moz-border-radius:0px 0px 0px 0px;\n}\n.responsive #top #wrap_all .flex_column.av-w1enqu-61b412cea626057e8a48ebe5bcbbf119{\nmargin-top:0px;\nmargin-bottom:0px;\n}\n<\/style>\n<div class='flex_column av-w1enqu-61b412cea626057e8a48ebe5bcbbf119 av_one_full  avia-builder-el-4  el_after_av_image  el_before_av_section  avia-builder-el-last  first no_margin flex_column_div  av-animated-generic left-to-right av-zero-column-padding '   ><p>\n<style type=\"text\/css\" data-created_by=\"avia_inline_auto\" id=\"style-css-av-vt0gvy-8c6a083c10c463736d4e46e2e75b8997\">\n#top .av-special-heading.av-vt0gvy-8c6a083c10c463736d4e46e2e75b8997{\npadding-bottom:20px;\ncolor:#000000;\nfont-size:30px;\n}\nbody .av-special-heading.av-vt0gvy-8c6a083c10c463736d4e46e2e75b8997 .av-special-heading-tag .heading-char{\nfont-size:25px;\n}\n#top #wrap_all .av-special-heading.av-vt0gvy-8c6a083c10c463736d4e46e2e75b8997 .av-special-heading-tag{\nfont-size:30px;\n}\n.av-special-heading.av-vt0gvy-8c6a083c10c463736d4e46e2e75b8997 .special-heading-inner-border{\nborder-color:#000000;\n}\n.av-special-heading.av-vt0gvy-8c6a083c10c463736d4e46e2e75b8997 .av-subheading{\nfont-size:15px;\n}\n<\/style>\n<div  class='av-special-heading av-vt0gvy-8c6a083c10c463736d4e46e2e75b8997 av-special-heading-h1 custom-color-heading blockquote classic-quote  avia-builder-el-5  el_before_av_hr  avia-builder-el-first  av-inherit-size'><h1 class='av-special-heading-tag'  itemprop=\"headline\"  >O Supremo Conselho Misto do 33\u00ba Grau de Portugal \u2013 <br \/> Grande Col\u00e9gio do Rito Escoc\u00eas Antigo e Aceite<\/h1><div class=\"special-heading-border\"><div class=\"special-heading-inner-border\"><\/div><\/div><\/div><br \/>\n\n<style type=\"text\/css\" data-created_by=\"avia_inline_auto\" id=\"style-css-av-vmmkni-dc62a17e5621fc2f22d9ffc3e8394415\">\n#top .hr.av-vmmkni-dc62a17e5621fc2f22d9ffc3e8394415{\nmargin-top:30px;\nmargin-bottom:30px;\n}\n.hr.av-vmmkni-dc62a17e5621fc2f22d9ffc3e8394415 .hr-inner{\nwidth:50px;\nborder-color:#000000;\n}\n<\/style>\n<div  class='hr av-vmmkni-dc62a17e5621fc2f22d9ffc3e8394415 hr-custom  avia-builder-el-6  el_after_av_heading  el_before_av_textblock  hr-left hr-icon-no'><span class='hr-inner inner-border-av-border-fat'><span class=\"hr-inner-style\"><\/span><\/span><\/div><br \/>\n\n<style type=\"text\/css\" data-created_by=\"avia_inline_auto\" id=\"style-css-av-vgkcxy-89cc623a730db657eb4e511f88fe22d3\">\n#top .av_textblock_section.av-vgkcxy-89cc623a730db657eb4e511f88fe22d3 .avia_textblock{\nfont-size:18px;\n}\n<\/style>\n<section  class='av_textblock_section av-vgkcxy-89cc623a730db657eb4e511f88fe22d3'  itemscope=\"itemscope\" itemtype=\"https:\/\/schema.org\/CreativeWork\" ><div class='avia_textblock'  itemprop=\"text\" ><p><strong><img loading=\"lazy\" decoding=\"async\" class=\" wp-image-3215 alignleft\" src=\"https:\/\/supremoconselhoportugal.pt\/wp-content\/uploads\/2022\/09\/WhatsApp_Image_2022-09-18_at_20.03.14-removebg-preview-200x300.png\" alt=\"\" width=\"300\" height=\"449\" srcset=\"https:\/\/supremoconselhoportugal.pt\/wp-content\/uploads\/2022\/09\/WhatsApp_Image_2022-09-18_at_20.03.14-removebg-preview-200x300.png 200w, https:\/\/supremoconselhoportugal.pt\/wp-content\/uploads\/2022\/09\/WhatsApp_Image_2022-09-18_at_20.03.14-removebg-preview.png 408w\" sizes=\"auto, (max-width: 300px) 100vw, 300px\" \/>O Supremo Conselho Misto do 33\u00ba Grau de Portugal &#8211; Grande Col\u00e9gio do Rito Escoc\u00eas Antigo e Aceite<\/strong>, nasceu em 24 de junho de 2022 (e.v.) com o apoio do Supremo Conselho do 33\u00ba Grau de Fran\u00e7a &#8211; Grande Col\u00e9gio dos Ritos Escoceses do Grande Oriente de Fran\u00e7a.<\/p>\n<p><strong>Pela primeira vez na Hist\u00f3ria da Ma\u00e7onaria em Portugal<\/strong>, foi outorgada a Grande Patente para os Altos Graus do Rito Escoc\u00eas Antigo e Aceite na Ma\u00e7onaria Mista Portuguesa do Supremo Conselho de Fran\u00e7a do Grande Oriente de Fran\u00e7a que \u00e9 o maior e mais antigo Supremo Conselho da Europa e dos mais antigos do Mundo, o que enche de orgulho e muito honra as\/os Ma\u00e7ons portugueses.<\/p>\n<p>A Grande Patente para o Supremo Conselho Misto do 33\u00ba Grau de Portugal &#8211; Grande Col\u00e9gio do Rito Escoc\u00eas Antigo e Aceite, legitima a pr\u00e1tica dos Altos Graus do Rito Escoc\u00eas Antigo e Aceite do 4\u00ba ao 33\u00ba Grau, em conson\u00e2ncia com as boas pr\u00e1ticas emanadas do Espirito e da liberdade absoluta de consci\u00eancia, apan\u00e1gio da Ma\u00e7onaria Adogmatica e Liberal do Grande Oriente de Fran\u00e7a.<\/p>\n<p>O Supremo Conselho de Portugal \u00e9 a primeira Jurisdi\u00e7\u00e3o Mista dos Altos Graus do Rito Esco\u00e7\u00eas Antigo e Aceite que admite Mulheres e Homens, Mestres Ma\u00e7ons com mais de tr\u00eas anos de Mestria, nas suas Lojas de Perfei\u00e7\u00e3o, Sob:. Cap\u00edtulos dos Cavaleiros Rosa-Cruz, Are\u00f3pagos &#8211; Conselhos Filos\u00f3ficos dos Cavaleiros Kadosh, Consist\u00f3rios e no Conselho Supremo do 33\u00ba Grau do Rito Esco\u00e7\u00eas Antigo e Aceite.<\/p>\n<p>O Supremo Conselho Misto de Portugal orgulha-se de descender do primeiro Supremo Conselho da Europa, criado em Paris, em 1804, por iniciativa do Conde de Grasse-Tilly, projectando os seus Princ\u00edpios e Valores Ma\u00e7\u00f3nicos para uma vis\u00e3o da Sociedade do Sec.XXI onde Mulheres e Homens partilham o Conhecimento em Harmonia e Fraternidade.<\/p>\n<\/div><\/section><br \/>\n\n<style type=\"text\/css\" data-created_by=\"avia_inline_auto\" id=\"style-css-av-uchozi-ce93f5355f5770b620858617f2648939\">\n#top .hr.hr-invisible.av-uchozi-ce93f5355f5770b620858617f2648939{\nheight:42px;\n}\n<\/style>\n<div  class='hr av-uchozi-ce93f5355f5770b620858617f2648939 hr-invisible  avia-builder-el-8  el_after_av_textblock  avia-builder-el-last '><span class='hr-inner '><span class=\"hr-inner-style\"><\/span><\/span><\/div><\/p><\/div><\/div><\/div><\/div><!-- close content main div --><\/div><\/div>\n<style type=\"text\/css\" data-created_by=\"avia_inline_auto\" id=\"style-css-av-1rfb8e-83e8c8245c209ba49f28ae6e78bfb7d0\">\n.avia-section.av-1rfb8e-83e8c8245c209ba49f28ae6e78bfb7d0 .av-extra-border-element .av-extra-border-inner{\nbackground-color:#ffffff;\n}\n<\/style>\n<div id='av_section_1'  class='avia-section av-1rfb8e-83e8c8245c209ba49f28ae6e78bfb7d0 main_color avia-section-large avia-no-border-styling  avia-builder-el-9  el_after_av_one_full  avia-builder-el-last  avia-bg-style-scroll av-arrow-down-section container_wrap fullsize'  ><div class='container av-section-cont-open' ><div class='template-page content  av-content-full alpha units'><div class='post-entry post-entry-type-page post-entry-206'><div class='entry-content-wrapper clearfix'>\n\n<style type=\"text\/css\" data-created_by=\"avia_inline_auto\" id=\"style-css-av-1ljfx2-9b79e052078cf1dd2682ffd8b55e5c36\">\n#top .av-special-heading.av-1ljfx2-9b79e052078cf1dd2682ffd8b55e5c36{\npadding-bottom:20px;\nfont-size:25px;\n}\nbody .av-special-heading.av-1ljfx2-9b79e052078cf1dd2682ffd8b55e5c36 .av-special-heading-tag .heading-char{\nfont-size:25px;\n}\n#top #wrap_all .av-special-heading.av-1ljfx2-9b79e052078cf1dd2682ffd8b55e5c36 .av-special-heading-tag{\nfont-size:25px;\n}\n.av-special-heading.av-1ljfx2-9b79e052078cf1dd2682ffd8b55e5c36 .av-subheading{\nfont-size:15px;\n}\n<\/style>\n<div  class='av-special-heading av-1ljfx2-9b79e052078cf1dd2682ffd8b55e5c36 av-special-heading-h2 blockquote modern-quote  avia-builder-el-10  el_before_av_one_half  avia-builder-el-first  av-inherit-size'><h2 class='av-special-heading-tag'  itemprop=\"headline\"  >Informa\u00e7\u00f5es do Supremo Conselho de Portugal &#8211; Grande Col\u00e9gio do Rito Escoc\u00eas Antigo e Aceite<\/h2><div class=\"special-heading-border\"><div class=\"special-heading-inner-border\"><\/div><\/div><\/div>\n\n<style type=\"text\/css\" data-created_by=\"avia_inline_auto\" id=\"style-css-av-1e9w0u-432d1fe8408b8a45913fcf38b9692f81\">\n.flex_column.av-1e9w0u-432d1fe8408b8a45913fcf38b9692f81{\nborder-radius:0px 0px 0px 0px;\n-webkit-border-radius:0px 0px 0px 0px;\n-moz-border-radius:0px 0px 0px 0px;\n}\n<\/style>\n<div class='flex_column av-1e9w0u-432d1fe8408b8a45913fcf38b9692f81 av_one_half  avia-builder-el-11  el_after_av_heading  el_before_av_one_half  first flex_column_div av-zero-column-padding '   ><form action=\"https:\/\/supremoconselhoportugal.pt\/\" method=\"post\"  class=\"avia_ajax_form av-form-labels-hidden   avia-builder-el-12  avia-builder-el-no-sibling   \" data-avia-form-id=\"1\" data-avia-redirect='' ><fieldset><p class='  first_form  form_element form_element_half' id='element_avia_1_1'><label for=\"avia_1_1\">Nome <abbr class=\"required\" title=\"required\">*<\/abbr><\/label> <input name=\"avia_1_1\" class=\"text_input is_empty\" type=\"text\" id=\"avia_1_1\" value=\"\"  placeholder='Nome*'\/><\/p><p class='  form_element form_element_half' id='element_avia_2_1'><label for=\"avia_2_1\">E-Mail <abbr class=\"required\" title=\"required\">*<\/abbr><\/label> <input name=\"avia_2_1\" class=\"text_input is_email\" type=\"text\" id=\"avia_2_1\" value=\"\"  placeholder='E-Mail*'\/><\/p><p class='  first_form  form_element form_fullwidth' id='element_avia_3_1'><label for=\"avia_3_1\">Assunto <abbr class=\"required\" title=\"required\">*<\/abbr><\/label> <input name=\"avia_3_1\" class=\"text_input is_empty\" type=\"text\" id=\"avia_3_1\" value=\"\"  placeholder='Assunto*'\/><\/p><p class='  first_form  form_element form_fullwidth av-last-visible-form-element' id='element_avia_4_1'><label for=\"avia_4_1\" class=\"textare_label hidden textare_label_avia_4_1\">Messagem <abbr class=\"required\" title=\"required\">*<\/abbr><\/label><textarea  placeholder='Messagem*' name=\"avia_4_1\" class=\"text_area is_empty\" cols=\"40\" rows=\"7\" id=\"avia_4_1\" ><\/textarea><\/p><p class=\"hidden\"><input type=\"text\" name=\"avia_5_1\" class=\"hidden \" id=\"avia_5_1\" value=\"\" \/><\/p><p class=\"form_element \"><input type=\"hidden\" value=\"1\" name=\"avia_generated_form1\" \/><input type=\"submit\" value=\"Submit\" class=\"button\"  data-sending-label=\"Sending\"\/><\/p><\/fieldset><\/form><div id=\"ajaxresponse_1\" class=\"ajaxresponse ajaxresponse_1 hidden\"><\/div><\/div>\n<style type=\"text\/css\" data-created_by=\"avia_inline_auto\" id=\"style-css-av-d2sgm-643fa4d9d8865c92ff4d816a1a3b7b71\">\n.flex_column.av-d2sgm-643fa4d9d8865c92ff4d816a1a3b7b71{\nborder-radius:0px 0px 0px 0px;\n-webkit-border-radius:0px 0px 0px 0px;\n-moz-border-radius:0px 0px 0px 0px;\n}\n<\/style>\n<div class='flex_column av-d2sgm-643fa4d9d8865c92ff4d816a1a3b7b71 av_one_half  avia-builder-el-13  el_after_av_one_half  avia-builder-el-last  flex_column_div av-zero-column-padding '   ><section  class='av_textblock_section av-7v2qu-b7eb70ede27d28caa6da859efc5df1c5'  itemscope=\"itemscope\" itemtype=\"https:\/\/schema.org\/CreativeWork\" ><div class='avia_textblock'  itemprop=\"text\" ><h4>Morada<\/h4>\n<p>Lisboa, Portugal<\/p>\n<h4>CONTACTO<\/h4>\n<p>grande.colegio.reaa.scp@gmail.com<\/p>\n<h4><\/h4>\n<\/div><\/section><\/div>\n<\/p>\n","protected":false},"excerpt":{"rendered":"","protected":false},"author":1,"featured_media":0,"parent":0,"menu_order":0,"comment_status":"closed","ping_status":"closed","template":"","meta":{"_monsterinsights_skip_tracking":false,"_monsterinsights_sitenote_active":false,"_monsterinsights_sitenote_note":"","_monsterinsights_sitenote_category":0,"footnotes":""},"class_list":["post-206","page","type-page","status-publish","hentry"],"aioseo_notices":[],"_links":{"self":[{"href":"https:\/\/supremoconselhoportugal.pt\/index.php\/wp-json\/wp\/v2\/pages\/206","targetHints":{"allow":["GET"]}}],"collection":[{"href":"https:\/\/supremoconselhoportugal.pt\/index.php\/wp-json\/wp\/v2\/pages"}],"about":[{"href":"https:\/\/supremoconselhoportugal.pt\/index.php\/wp-json\/wp\/v2\/types\/page"}],"author":[{"embeddable":true,"href":"https:\/\/supremoconselhoportugal.pt\/index.php\/wp-json\/wp\/v2\/users\/1"}],"replies":[{"embeddable":true,"href":"https:\/\/supremoconselhoportugal.pt\/index.php\/wp-json\/wp\/v2\/comments?post=206"}],"version-history":[{"count":75,"href":"https:\/\/supremoconselhoportugal.pt\/index.php\/wp-json\/wp\/v2\/pages\/206\/revisions"}],"predecessor-version":[{"id":3610,"href":"https:\/\/supremoconselhoportugal.pt\/index.php\/wp-json\/wp\/v2\/pages\/206\/revisions\/3610"}],"wp:attachment":[{"href":"https:\/\/supremoconselhoportugal.pt\/index.php\/wp-json\/wp\/v2\/media?parent=206"}],"curies":[{"name":"wp","href":"https:\/\/api.w.org\/{rel}","templated":true}]}}