{"id":3440,"date":"2022-09-22T14:21:11","date_gmt":"2022-09-22T14:21:11","guid":{"rendered":"https:\/\/supremoconselhoportugal.pt\/?page_id=3440"},"modified":"2022-09-27T11:34:06","modified_gmt":"2022-09-27T11:34:06","slug":"qual-e-o-interesse-do-reaa","status":"publish","type":"page","link":"https:\/\/supremoconselhoportugal.pt\/index.php\/o-rito\/qual-e-o-interesse-do-reaa\/","title":{"rendered":"Qual \u00e9 o interesse do REAA?"},"content":{"rendered":"\n<style type=\"text\/css\" data-created_by=\"avia_inline_auto\" id=\"style-css-av-l8czwdzy-4bb51846863ea62182526773b2f0e212\">\n#top .av-special-heading.av-l8czwdzy-4bb51846863ea62182526773b2f0e212{\npadding-bottom:10px;\n}\nbody .av-special-heading.av-l8czwdzy-4bb51846863ea62182526773b2f0e212 .av-special-heading-tag .heading-char{\nfont-size:25px;\n}\n.av-special-heading.av-l8czwdzy-4bb51846863ea62182526773b2f0e212 .av-subheading{\nfont-size:15px;\n}\n<\/style>\n<div  class='av-special-heading av-l8czwdzy-4bb51846863ea62182526773b2f0e212 av-special-heading-h3 blockquote modern-quote modern-centered  avia-builder-el-0  el_before_av_textblock  avia-builder-el-first '><h3 class='av-special-heading-tag'  itemprop=\"headline\"  >Qual \u00e9 o interesse do REAA?<\/h3><div class=\"special-heading-border\"><div class=\"special-heading-inner-border\"><\/div><\/div><\/div>\n<section  class='av_textblock_section av-l8czxcpm-ddca21b92e8d71206b46025cb51f3143'  itemscope=\"itemscope\" itemtype=\"https:\/\/schema.org\/CreativeWork\" ><div class='avia_textblock'  itemprop=\"text\" ><ol>\n<li style=\"font-weight: 400;\">A sua origem, o seu nascimento, fruto de uma abertura do esp\u00edrito, de v\u00e1rias idas e voltas entre as duas margens do Oceano Atl\u00e2ntico \u00e9 rico em potencialidades numa ordem ma\u00e7\u00f3nica, que como toda a Franco-ma\u00e7onaria se pretende universal. Al\u00e9m disso, oferece uma fonte de reflex\u00f5es sobre a legitimidade, sobre o poder tanto no mundo profano como ma\u00e7\u00f3nico.<\/li>\n<\/ol>\n<p style=\"font-weight: 400;\">\n<ol start=\"2\">\n<li style=\"font-weight: 400;\">Este rito apresenta o interesse de propor \u00e0 nossa busca inici\u00e1tica, nunca terminada, trinta etapas que constituem, segundo a express\u00e3o de Jean-Pierre Lasalle, \u00abum dep\u00f3sito da tradi\u00e7\u00e3o ocidental\u00bb. A tradi\u00e7\u00e3o mais vis\u00edvel e a que percebemos nos graus azuis encontra-se na tradi\u00e7\u00e3o judaico-crist\u00e3, da qual os ma\u00e7ons operacionais j\u00e1 se declaravam herdeiros. Mas os Altos Graus s\u00e3o enriquecidos com elementos emprestados dos cavaleiros de todas as classes, dos Templ\u00e1rios, para citar alguns. Vejamos a conclus\u00e3o de uma exposi\u00e7\u00e3o de J.-P. Lasalle sobre este tema : \u00abGrau ap\u00f3s grau, estrato super estrofe, o REAA tem uma estrutura vertical pela qual se pode subir e descer, como a escada de Jacob, variando os \u00e2ngulos de vis\u00e3o, mas com uma admira\u00e7\u00e3o constantemente renovada, uma vez que se difrata a luz de uma tradi\u00e7\u00e3o para se manter viva e sempre aberta sobre a modernidade\u00bb. Al\u00e9m disso, o REAA oferece-nos uma rede horizontal de rela\u00e7\u00f5es entre as obedi\u00eancias e as lojas.<br \/>\nO percurso proposto \u00e9 suficientemente flex\u00edvel para nos manter em vig\u00edlia e estimular a nossa investiga\u00e7\u00e3o. Cada um de n\u00f3s gere o seu pr\u00f3prio caminho de uma forma pessoal. Uma \u00fanica coisa \u00e9-nos imposta, pelo menos, como o REAA \u00e9 vivido no GODF, nunca se pode deixar de trabalhar assiduamente numa loja simb\u00f3lica, na qual recebemos a luz ou em outra.<\/li>\n<\/ol>\n<p style=\"font-weight: 400;\">\n<ol start=\"3\">\n<li style=\"font-weight: 400;\">Este trabalho cont\u00ednuo nos tr\u00eas graus da loja simb\u00f3lica constitui uma contribui\u00e7\u00e3o importante do REAA. J\u00e1 que o trabalho em grau de Aprendiz, o que descobrimos durante nossa inicia\u00e7\u00e3o, representa o modelo para os trabalhos nos graus seguintes : abertura de trabalhos segundo um ritual pr\u00e9-definido, cria\u00e7\u00e3o de um espa\u00e7o-tempo em ruptura com o espa\u00e7o-tempo profano, uso do s\u00edmbolo para tomar a palavra de maneira reflexiva&#8230;, mas este seria o tema de outra prancha.<\/li>\n<\/ol>\n<\/div><\/section>\n","protected":false},"excerpt":{"rendered":"","protected":false},"author":1,"featured_media":0,"parent":3417,"menu_order":0,"comment_status":"closed","ping_status":"closed","template":"","meta":{"_monsterinsights_skip_tracking":false,"_monsterinsights_sitenote_active":false,"_monsterinsights_sitenote_note":"","_monsterinsights_sitenote_category":0,"footnotes":""},"class_list":["post-3440","page","type-page","status-publish","hentry"],"aioseo_notices":[],"_links":{"self":[{"href":"https:\/\/supremoconselhoportugal.pt\/index.php\/wp-json\/wp\/v2\/pages\/3440","targetHints":{"allow":["GET"]}}],"collection":[{"href":"https:\/\/supremoconselhoportugal.pt\/index.php\/wp-json\/wp\/v2\/pages"}],"about":[{"href":"https:\/\/supremoconselhoportugal.pt\/index.php\/wp-json\/wp\/v2\/types\/page"}],"author":[{"embeddable":true,"href":"https:\/\/supremoconselhoportugal.pt\/index.php\/wp-json\/wp\/v2\/users\/1"}],"replies":[{"embeddable":true,"href":"https:\/\/supremoconselhoportugal.pt\/index.php\/wp-json\/wp\/v2\/comments?post=3440"}],"version-history":[{"count":4,"href":"https:\/\/supremoconselhoportugal.pt\/index.php\/wp-json\/wp\/v2\/pages\/3440\/revisions"}],"predecessor-version":[{"id":3598,"href":"https:\/\/supremoconselhoportugal.pt\/index.php\/wp-json\/wp\/v2\/pages\/3440\/revisions\/3598"}],"up":[{"embeddable":true,"href":"https:\/\/supremoconselhoportugal.pt\/index.php\/wp-json\/wp\/v2\/pages\/3417"}],"wp:attachment":[{"href":"https:\/\/supremoconselhoportugal.pt\/index.php\/wp-json\/wp\/v2\/media?parent=3440"}],"curies":[{"name":"wp","href":"https:\/\/api.w.org\/{rel}","templated":true}]}}

Qual é o interesse do REAA?

<style type="text/css" data-created_by="avia_inline_auto" id="style-css-av-l8czwdzy-4bb51846863ea62182526773b2f0e212">
#top .av-special-heading.av-l8czwdzy-4bb51846863ea62182526773b2f0e212{
padding-bottom:10px;
}
body .av-special-heading.av-l8czwdzy-4bb51846863ea62182526773b2f0e212 .av-special-heading-tag .heading-char{
font-size:25px;
}
.av-special-heading.av-l8czwdzy-4bb51846863ea62182526773b2f0e212 .av-subheading{
font-size:15px;
}
</style>
<div  class='av-special-heading av-l8czwdzy-4bb51846863ea62182526773b2f0e212 av-special-heading-h3 blockquote modern-quote modern-centered  avia-builder-el-0  el_before_av_textblock  avia-builder-el-first '><h3 class='av-special-heading-tag'  itemprop="headline"  >Qual é o interesse do REAA?</h3><div class="special-heading-border"><div class="special-heading-inner-border"></div></div></div>
<section  class='av_textblock_section av-l8czxcpm-ddca21b92e8d71206b46025cb51f3143'  itemscope="itemscope" itemtype="https://schema.org/CreativeWork" ><div class='avia_textblock'  itemprop="text" ><ol>
<li style="font-weight: 400;">A sua origem, o seu nascimento, fruto de uma abertura do espírito, de várias idas e voltas entre as duas margens do Oceano Atlântico é rico em potencialidades numa ordem maçónica, que como toda a Franco-maçonaria se pretende universal. Além disso, oferece uma fonte de reflexões sobre a legitimidade, sobre o poder tanto no mundo profano como maçónico.</li>
</ol>
<p style="font-weight: 400;">
<ol start="2">
<li style="font-weight: 400;">Este rito apresenta o interesse de propor à nossa busca iniciática, nunca terminada, trinta etapas que constituem, segundo a expressão de Jean-Pierre Lasalle, «um depósito da tradição ocidental». A tradição mais visível e a que percebemos nos graus azuis encontra-se na tradição judaico-cristã, da qual os maçons operacionais já se declaravam herdeiros. Mas os Altos Graus são enriquecidos com elementos emprestados dos cavaleiros de todas as classes, dos Templários, para citar alguns. Vejamos a conclusão de uma exposição de J.-P. Lasalle sobre este tema : «Grau após grau, estrato super estrofe, o REAA tem uma estrutura vertical pela qual se pode subir e descer, como a escada de Jacob, variando os ângulos de visão, mas com uma admiração constantemente renovada, uma vez que se difrata a luz de uma tradição para se manter viva e sempre aberta sobre a modernidade». Além disso, o REAA oferece-nos uma rede horizontal de relações entre as obediências e as lojas.<br />
O percurso proposto é suficientemente flexível para nos manter em vigília e estimular a nossa investigação. Cada um de nós gere o seu próprio caminho de uma forma pessoal. Uma única coisa é-nos imposta, pelo menos, como o REAA é vivido no GODF, nunca se pode deixar de trabalhar assiduamente numa loja simbólica, na qual recebemos a luz ou em outra.</li>
</ol>
<p style="font-weight: 400;">
<ol start="3">
<li style="font-weight: 400;">Este trabalho contínuo nos três graus da loja simbólica constitui uma contribuição importante do REAA. Já que o trabalho em grau de Aprendiz, o que descobrimos durante nossa iniciação, representa o modelo para os trabalhos nos graus seguintes : abertura de trabalhos segundo um ritual pré-definido, criação de um espaço-tempo em ruptura com o espaço-tempo profano, uso do símbolo para tomar a palavra de maneira reflexiva&#8230;, mas este seria o tema de outra prancha.</li>
</ol>
</div></section>
